0. What is the tens digit of c?
1
Let s(k) = -60*k**3 - 2*k**2 - 3*k - 2. What is the units digit of s(-1)?
9
Let o(c) = 3*c**2 + 17*c - 8. What is the units digit of o(-12)?
0
Suppose 474 = -5*x + 11*x. What is the units digit of x?
9
Let i = 11 + -6. Suppose -3*x - 7 = 5*u - 22, 3*x - 15 = u. Suppose u = t - i*t + 20. What is the units digit of t?
5
What is the tens digit of 2 - (-3 - -8) - -52?
4
Let q be 1 - (112 + -2 + 3). Let n = -78 - q. What is the tens digit of n?
3
Suppose 152 = 4*z - 4*g - 268, 0 = -5*z + 2*g + 528. Suppose 4*t - 2*t = z. What is the units digit of t?
3
Let p(v) = -48*v**2. Let t(m) = -m**2 + m - 1. Let q be t(1). Let o be p(q). What is the tens digit of o/(-18)*18/4?
1
Suppose -5*y + 1125 - 164 = 3*x, -197 = -y - 3*x. What is the hundreds digit of y?
1
Suppose 0 = -5*c + 3*g + 20 - 0, -13 = -3*c + 2*g. What is the units digit of (-2)/((-2)/c)*17?
7
Let g(s) = -s + 10. Let q be g(10). Suppose 3*c - 3 = -q. What is the units digit of c/(3*2/18)?
3
Let l(x) = 2*x - 3. Let v(q) = q**3 - 10*q**2 + 10*q - 5. Let w be v(9). Let p be l(w). Suppose 4 + 1 = p*u. What is the units digit of u?
1
Let s(c) = -3*c**2 - c + 3. Let h(a) = a**3 + 3*a**2 - 3. Let p(j) = 2*h(j) + 3*s(j). What is the tens digit of p(3)?
2
Let l(u) = -5*u + 1. What is the tens digit of l(-3)?
1
Suppose -4*j + 4*m + 44 = 0, -37 - 31 = -4*j - 4*m. What is the units digit of j?
4
Suppose -w = -4*w. Suppose m + 17 = -w*m. Let x = -4 - m. What is the units digit of x?
3
Let r = 8 + -5. Let m = -4 + 3. Let h = r + m. What is the units digit of h?
2
Let o(d) = d**3 - 12*d**2 + 12*d - 6. Let r be o(11). Let b(h) = h**3 - 3*h**2 - 5*h - 1. What is the tens digit of b(r)?
2
What is the tens digit of -3*(192/(-18) - -1)?
2
Let u be (6/(-4))/((-9)/(-96)). What is the units digit of (-8)/u*2/1?
1
Let p(i) = 2*i**2 + i + 1. Let h be p(-3). Let l = 26 - h. What is the units digit of l?
0
Let s = -3 - -11. Suppose 4*d = -2*t - s, 2*t + 12 = -5*d + 1. Let y = t + 1. What is the units digit of y?
3
Let v(p) = p**3 - 4*p**2 - 2*p - 11. What is the units digit of v(5)?
4
Let m = 11 + -7. Suppose 10 = 5*j - 3*j, 3*d - 32 = -m*j. What is the units digit of d?
4
Suppose 0*i - 342 = -2*i. What is the units digit of i?
1
Let t be -4 - -2 - (6 - 4). Let l(d) = -10*d - 5. What is the tens digit of l(t)?
3
Suppose -2*t + 4*b - 3*b + 161 = 0, b - 319 = -4*t. What is the units digit of t?
0
Let u(y) = y**3 - 12*y**2 + 10*y + 16. Let b be u(11). Suppose 2*p = z + b, -5*z + 25 = p - z. What is the units digit of p?
5
Let t = -62 + 119. What is the tens digit of t?
5
Suppose -2*f + 23 = -53. What is the units digit of f?
8
Let f be (1*-18)/(-3) - 2. Suppose -g + n + 10 = -n, 0 = -2*g - 4*n - f. What is the units digit of g?
4
Suppose 0 = -4*p - 8 + 492. What is the units digit of p?
1
Let m be 1*(0 + 1 - 10). Let i be 19 - (2/1 + 1). Let l = i + m. What is the units digit of l?
7
Let s(b) = -b**2 + 3*b + 4. Let v be s(4). Suppose v = -3*f - 0*r - r + 14, -5*r + 22 = 3*f. Suppose 42 = f*h - 2. What is the units digit of h?
1
Suppose p - 1 = 2*d, -4*d = -0*p - 4*p + 8. Let v(q) = 2*q + 8. Let i be v(-5). Let o = i + p. What is the units digit of o?
1
What is the units digit of (6 - 3) + -1 + 0?
2
Let y(b) be the third derivative of 0*b + 1/6*b**3 + 0*b**4 - 2*b**2 + 1/120*b**6 + 0 - 1/20*b**5. What is the units digit of y(3)?
1
Let o(d) = d - 2. Suppose 10 = -3*n - 11. Let j be o(n). What is the units digit of ((-5)/3)/(3/j)?
5
What is the units digit of (-1 - 1) + -1 + 4?
1
Let c(o) = o**3 + o + 3. Let w be 2/(-4)*(-4 + 4). Let p be c(w). Suppose 5*b = -0*b + p*x + 50, 4*x - 72 = -4*b. What is the units digit of b?
3
Let m(p) = 2*p + 1. Let n be m(1). Suppose 4*h = -4*a + 4, -n*a + 3*h + 1 = 8*h. What is the units digit of a?
2
Let z(a) = -2*a. Let r(i) = -i + 1. Let b be r(3). What is the units digit of z(b)?
4
Let w be 4 - (-8 - 3) - 0. Let m = w + 2. What is the tens digit of m?
1
Suppose 13*c - 312 = 9*c. What is the tens digit of c?
7
Suppose -22 = 3*t - 7, 3*x = 2*t + 16. Let j(b) = -b**2 + 2*b + 2. Let m be j(x). Suppose -2*p = -0*d - m*d, 2*d + 3*p = 10. What is the units digit of d?
2
Let x be 3/(-1) + 1 + 0. Suppose 2*w = 4*w + 5*k - 16, 2 = -2*w + 4*k. Let r = w + x. What is the units digit of r?
1
Suppose -3*d + 368 = 5*r - 76, -5*r = -2*d - 454. What is the units digit of r?
0
Let v(g) = 2*g**2 + 9*g - 10. What is the hundreds digit of v(-10)?
1
Let v be (3/(-1))/((-3)/2). Suppose 5*t = -2*f + v - 12, 4*t = f - 21. What is the units digit of f?
5
Let y be 4/14 - 26/(-7). Let i = y + 3. What is the units digit of i?
7
Let z be (-1 - -2) + 0 + 2. Suppose -2*o + z = -o. Let f = o - -3. What is the units digit of f?
6
Let o(h) = -8*h + 27. What is the units digit of o(-8)?
1
Let x be (3/2)/(9/12). Let h(j) = x + j**2 - 6*j + 2 - 2 - 2*j**2. What is the units digit of h(-5)?
7
Suppose 4*d + 3 = x + 9, -12 = -4*d - 2*x. Suppose 74 = 3*r - 2*c, 2*r - d*c - 8 = 40. What is the tens digit of r?
2
Let w = 79 - 1. Let m = w + -35. What is the tens digit of m?
4
Suppose -x + 4*p + 22 = -209, x + 3*p - 266 = 0. What is the hundreds digit of x?
2
Let n(o) = 2*o**2. Suppose 4*m - 5 = y + 21, m = 5*y + 16. Let p be (-9)/m*(-12)/9. What is the units digit of n(p)?
8
Let s(y) = -5*y**2 - 5*y + 4*y + 15 + y**3 + 4*y**2. Let p be s(0). Suppose 0*v + 4*u + 21 = v, -p = 5*u. What is the units digit of v?
9
Suppose -4*a - 4 + 24 = 0. Suppose 0 = a*x + 3*b - 45, 3*x - 4*b = -0*x + 27. Let v = x + 2. What is the tens digit of v?
1
Let m(o) = o**3 + 15*o**2 + 12*o + 17. Suppose -f - f = -8, 0 = 3*y - 3*f + 54. What is the tens digit of m(y)?
4
Suppose -67 + 22 = -3*n. Let d(l) = l + n - l - l. What is the units digit of d(7)?
8
Suppose 24 = 5*r + 3*d, 5*r + 6 - 33 = -4*d. Let g = 4 - r. Let b = 3 - g. What is the units digit of b?
2
Suppose -4 = -r - 3*r. What is the units digit of r?
1
Let t(x) = 3*x - 5. Let b(m) = -m + 1. Let p(y) = 30*b(y) + 6*t(y). What is the units digit of p(-2)?
4
Let n = -12 + 14. Let g = n - -6. What is the units digit of g?
8
What is the tens digit of 12 + 77 + (4 - (0 + 2))?
9
Let o(z) = 2*z**2 - 10*z - 7. Let j be o(6). Suppose 4*y - 79 = -5*v, j*v - 5*y = -15 + 130. What is the units digit of v?
9
Let y(r) = 2*r - 2. What is the units digit of y(7)?
2
Let i be (-4 + (-18)/(-4))*-12. What is the tens digit of 3*i/9 + 18?
1
Let f be 1 + -1 - -3*1. Suppose x - 2*l = -2, 4*x = 3*l - 0*l - f. Suppose -2*w + 7*w - 35 = x. What is the units digit of w?
7
Suppose -79 = -2*m - 3*s, -4*m + 201 = -5*s + 54. Let n = m + -25. What is the tens digit of n?
1
Suppose 3*u = -1 + 7. Suppose -5*x + j = -22, 0*j = -u*j - 4. What is the units digit of x?
4
What is the tens digit of (-105)/(-2) - (-1 + -1)/4?
5
Let m be 6/(-21) + (-200)/(-14). Suppose -5*y + m = -16. What is the units digit of y?
6
Let j(q) = 2*q**2 - 7*q + 4. Let x be j(4). Suppose -3 = -x*u + 5*u. What is the units digit of u?
1
Let x = -3 - -9. Suppose -2*g + 28 = x. What is the units digit of g?
1
Let v = 2 + 12. What is the units digit of v?
4
Suppose -r + 95 = 4*r. What is the units digit of r?
9
Let w = 6 - -2. Let i(v) = v**3 - 7*v**2 - 7*v - 8. Let k be i(w). Suppose k = -2*g + 1 + 15. What is the units digit of g?
8
Suppose -150 = -2*k - k. What is the units digit of k?
0
Suppose 2*n + 1 + 1 = 0. Let o be (8/(-6))/(n/6). What is the units digit of (o/(-6))/((-2)/3)?
2
What is the units digit of (-168)/20*(8/12 - 4)?
8
Let d(k) = -4*k - 5 - 1 - 3 + 4. Let v = 6 + -10. What is the units digit of d(v)?
1
Let o = 12 + -1. Suppose 5*l - 29 = o. What is the units digit of l?
8
Let x(u) = -u**3 - 11*u**2 + 12*u + 4. Let g be x(-12). Suppose 0*c = -g*c + 8. What is the units digit of c?
2
Let s be 6 + -3 + 0 - -1. Suppose 0 = -2*z + 6*z - 16, 3*v - 17 = s*z. What is the units digit of v?
1
Let x be (4/8)/(2/108). Let a = x + -4. Suppose a = 5*r - 7. What is the units digit of r?
6
Let q(i) = i**2 + 5*i - 1. Let v be q(-5). What is the units digit of (3 - 2/v)*1?
5
Let a(g) be the first derivative of -g**4/8 - 7*g**3/6 + g**2 + 2. Let p(k) be the second derivative of a(k). What is the units digit of p(-5)?
8
Let v(o) be the third derivative of -o**6/120 - 7*o**5/60 - o**4/3 - o**3 - 5*o**2. Let m be (-2)/(-7) - 44/7. 